 (9 + -2)).
15
What is 24 - (23 + -31 + 52)?
-20
Calculate 137 - 130 - ((2 - 6 - 1) + -1).
13
What is the value of 11 - (3 - -1) - -2?
9
Calculate 3 - 5 - (-18 + 20).
-4
What is (-2 - 55) + (30 - 0)?
-27
What is 0 + (-6 + 5 + 1 - -12 - 0)?
12
Evaluate 495 + -499 + 17 + (-2 - -2) + 0.
13
Evaluate -1905 + 1901 - (0 + 16).
-20
What is the value of 19 - (17 - (-23 + 22))?
1
What is the value of (13 - 21) + 6 - (-9 + 1)?
6
What is (-3 - -2) + -15 - (-2 - 16)?
2
Calculate (-15 - -1) + 22 + -26 + -3 + 6.
-15
11 - (6 + -6 + 27)
-16
Evaluate (3 - 6) + 6 - (45 - 45).
3
14 + -9 + 2 - 5
2
-7 + 1 + (170 - 160) + -3
1
Evaluate -8 - 4 - (-33 - -43).
-22
What is 162 + -183 - (7 - 4 - 12)?
-12
Evaluate 0 + 5 + 7 + -2.
10
Calculate (6 + 13 - 12) + -1 + -2.
4
What is the value of -6 - (0 - ((-10 - -2) + 11))?
-3
What is -57 + 63 + (8 - (-1 - -4))?
11
(-33 - (11 + -61)) + -55
-38
What is (-82 - -77 - (2 + (1 - 3))) + -19?
-24
What is the value of -14 + (-17 - -19) - (-6 - 1) - -19?
14
What is (-6 + 4 + -1 - 2) + (26 - 18)?
3
What is the value of -12 - (1 + 1 - -3)?
-17
What is the value of (281 - 294) + (0 - -17)?
4
Calculate 15 + 4 + -33 - -19 - -32.
37
-6 + 1 + -8 + (52 - 41) + -5
-7
2 + 2 + -5 + (-7 - -1)
-7
What is 14 - -4 - (4 - -12)?
2
8 + (36 - 52) - -35
27
Evaluate (-7 - (10 - (14 - 6))) + -3.
-12
What is the value of -20 + (9 - -1 - -2) + 17?
9
(-2 - -3) + -12 + 4 + 10 + -38
-35
2 + 7 - (-4 - (11 + 23 - 13))
34
What is (4 - 0 - (15 - 13)) + (-12 - -15)?
5
What is the value of (18 - (41 - 14)) + 12?
3
-2 + -6 + 7 + (5 - (-5 + 22))
-13
Evaluate 11 + -21 + 22 - 1.
11
What is the value of 8 + 8 + (-4 - 8) + 4 + -8?
0
-9 + -57 + (38 - 1)
-29
What is the value of -19 - (6 - 35) - (0 + 14)?
-4
Evaluate 13 - -3 - (-41 - (-53 + 22)).
26
What is the value of 0 + 167 + -161 + -9 + -1 + 8?
4
What is 3 + 15 + 1 + (2 - 9) + 3?
15
What is the value of (11 + -7 - 16) + (1 - -4)?
-7
0 + 9 - (-33 + 10 - -36)
-4
What is the value of -3 + 15 + -11 + 9 - (0 + -7)?
17
What is the value of 1 + 36 - (45 - 28)?
20
Calculate -3 + -1 + 3 + (7 - 2) + -4.
0
Evaluate -29 - ((-11 - (-3 + -11 + 11)) + 8).
-29
What is the value of -2 + 0 + -30 + 27 + -9 + 2?
-12
What is 1 + 3 + -8 + -11 + 5?
-10
What is the value of 17 + -9 + (9 - 5)?
12
What is the value of 12 - 0 - (-26 + (25 - -1))?
12
Evaluate -6 + -5 + 16 + 5 - (3 - -1).
6
What is 21 - (34 - (37 - 31))?
-7
What is the value of -6 - (-6 + 6 + 0 + 2 + -12)?
4
What is the value of (-3 - (0 + -4)) + -22?
-21
Calculate (8 - -4 - 8) + (-2 + 0 - 4).
-2
What is 6 - (21 - -52) - -33?
-34
What is (2 + -2 - -6) + (-7 - (-20 + 12))?
7
What is 4 - (-4 - (2 + -20)) - (3 - -3)?
-16
8 + 9 + 24 - 33
8
Calculate -60 - (18 - 49) - -42.
13
What is -30 - -13 - (-12 - (0 - 4))?
-9
What is 7 + (-6 + 8 + -6 - 5)?
-2
0 - -6 - (5 - (10 + -4 + 5))
12
Evaluate (-58 - -58) + -19 + (-1 - -15).
-5
Calculate -6 - (-10 + 12 + -9).
1
Calculate 24 + -11 + -3 + 0.
10
Calculate 6 - (28 + -12 - 4).
-6
Calculate 10 + (-1 - 5) + 10 + (0 - 6).
8
Evaluate (-11 - (-19 - -7)) + -10.
-9
Calculate 0 + -13 + (3 + 0 - 1) + -5.
-16
What is 10 + -1 + (-40 - -30)?
-1
(-18 - -16 - (3 - 27)) + (1 - -9)
32
0 + -5 + 12 + (3 - 13)
-3
Evaluate 4 + (40 - 22) + -16 + -2 + 6.
10
Evaluate (5 - (-3 + 3 + -1)) + (58 - 66).
-2
What is (9 - (-1 - 1)) + -74 + 80?
17
What is 4 + ((6 - -6) + -11 - 5)?
0
What is (-2 - -11 - -1) + (-862 - -865)?
13
What is the value of (-6 - (4 + (5 - (5 - -4)))) + -4?
-10
3 + 9 - (-4 - (-19 + 6))
3
Calculate -5 + 0 - (-11 + 32 + -22 + 4).
-8
Evaluate 12 + (2 - 0) + -80 + 71.
5
What is the value of 12 + (0 - -2) + (23 - 11) + -18?
8
Calculate 16 - (15 - (11 + -11 - -32)).
33
What is the value of (-362 - -363) + -28 + 3?
-24
What is the value of -15 + (18 - -10) + -1?
12
(-7 + 0 - -20) + -8
5
Evaluate 0 + 2 + -11 + -6 - (-16 - -13).
-12
What is 40 + -26 + (-3 - (-11 + 6))?
16
-6 + -7 + 6 + 8
1
What is the value of 0 - 12 - (3 + -14) - 6?
-7
-6 + (-13 + 32 - 13) + (-1 - 0)
-1
What is -5 - (2 + 0 - 11 - (-1 + 34))?
37
(3 - 5) + -26 + 39
11
Calculate (4 - 33) + (-50 - -64) - (-2 + 9).
-22
-7 + 15 + -2 - (20 + -2 + -1)
-11
Calculate -6 - ((11 - 7) + (0 + 3 - 3)).
-10
Evaluate 6 - (5 + 15) - (2 - (-1 + 3)).
-14
2 + 21 - (114 + -106)
15
What is the value of 1 + (-5 + (-13 - 2) - -13)?
-6
What is 10 + -32 - (-10 + 9 + 0 + -2)?
-19
Calculate 3 + (-14 - -27 - 5).
11
What is -9 + 9 + (-8 - (-15 - -2 - -8))?
-3
Evaluate 9 + (3 - (-3 + 12 + -6)).
9
What is the value of -837 + 837 - (-2 - (1 + 21))?
24
Calculate 22 - ((17 - -9) + -9).
5
-8 + 12 + (5 - 8) - 4
-3
(-1 - -1) + (17 - (20 - 27))
24
What is (-16 - (-3 + -12)) + (1 - 4) + -3?
-7
Evaluate 2 + -6 + -3 + -26 + 35 + -32.
-30
Evaluate 1 - (1 + (1 - -3) + -7 + 12).
-9
(9 - -7) + -23 - -16
9
0 + (44 - 40 - (-1 - (-1 + -3)))
1
What is -2 - -2 - (1 + -1) - (-30 + 44)?
-14
Calculate -24 + (12 - -1 - (-45 + 47)).
-13
What is -27 - (9 + (1 - 13) + -3 - -8)?
-29
Evaluate -4 + -12 - (-6 - 1).
-9
What is 16 + -15 + (7 + 3 + -2 - 1)?
8
Evaluate 19 - (-18 - (-2 - 0 - 4)).
31
What is the value of -451 + 471 + (1 - (1 - 3)) + 12?
35
(-6 - 5 - -5) + 21 + -3
12
(0 + -1 - (13 + -20 - -1)) + 5
10
Calculate 6 + (30 - 1) + -29.
6
Evaluate 9 + (35 + -4 + (-3 - -5) - 2).
40
Calculate 22 + -39 + 7 + 16.
6
What is the value of 1 + -1 + 7 + 1 + -4?
4
What is the value of (23 - 24) + (0 - -5) + (2 - 14)?
-8
Evaluate (-8 - 4) + -7 + -76 + 56.
-39
What is (26 - 6) + (3 - 1) + (15 - 20)?
17
Evaluate -4 + 8 + -11 + 3 + 11.
7
What is -12 - (-25 + 31 + -2 + (-5 - -1))?
-12
What is the value of -7 - (-9 + (19 - 11)) - -17?
11
What is the value of 417 + -438 - (-26 + 0)?
5
What is the value of 1 - (24 + -5) - -22?
4
What is the value of -21 - -5 - (-51 + 17)?
18
-8 - (8 + -15 - 0)
-1
Evaluate 5 - ((1 - (-3 + -3)) + (-24 - -15)).
7
Calculate -4 - (-3 - (-7 - -13) - (0 + 3)).
8
19 - (7 - (-1 - (-6 + 6)))
11
What is (16 - -3) + (-36 + 21 - (-12 - 10))?
26
15 - 35 - -22 - -14
16
What is (22 - (-11 - -19)) + (-21 - 20)?
-27
Evaluate -17 + (26 - 17) + (1 - -12) - 23.
-18
What is -18 - (5 + -25 + (1 - 14))?
15
(-20 - 15 - -31) + 15 + 4
15
Evaluate (2 - 0) + (-11 - (-16 + 8)).
-1
What is -6 + (-8 - -16) - (-9 + (9 - 8))?
10
Evaluate 2 + 2 + (-30 - -16) + 6.
-4
Calculate 118 + -70 - (-5 + 4 + 17).
32
Calculate 10 + -8 + (-5 - -17).
14
What is 18 - -15 - (9 + 13)?
11
Calculate -15 + 16 + (5 + (-22 - -5) - -5).
-6
Calculate -88 - -74 - ((5 - 1) + 1 + -8).
-11
What is the value of (373 - 352) + -14 + -1 + 20?
26
Calculate 732 - 748 - (-44 - 0).
28
Evaluate 7 - (4 - (-7 + 3)) - (20 + -7).
-14
Calculate (4 - -13) + (11 + 3 - 19) - 40.
-28
Calculate 3 + -10 - -6 - (30 - 45).
14
-13 - (-22 + 14 + -7 + -13)
15
Evaluate -26 - 0 - (-406 + 382).
-2
Calculate -2 - -15 - 29 - -32.
16
Calculate (38 - -6) + -23 - 38.
-17
What is the value of -24 + 21 - 20 - (4 - 12)?
-15
What is the value of (1 - (0 - 18)) + -5611 + 5623?
31
What is the value of -2 - (1 + 3) - (10 - (40 + -15))?
9
Calculate (-10 - 0) + (-404 - -409).
-5
(-2 - -13) + -18 - -5
-2
What is the value of 0 + 14 - (-35 + 36) - 13?
0
What is 19 + -2 + -2 - (50 + -49)?
14
Evaluate 6 - (59 + -54 - (0 + 1 + -3)).
-1
16 + -26 + 52 - 24
18
11 + 0 - 6 - ((-5 - -12) + -5)
3
What is 3 + -9 - (-5 + 2)?
-3
What is the value of 98 + -96 + -6 + -5 + 41?
32
What is the value of (14 - 16) + -6 - (-1 + 4)?
-11
-3 - -6 - (-1 + (-11 - -9) + 25)
-19
-539 + 534 + -2 + (19 - 1) + 1
12
Calculate 28 - (10 - (-18 + 13) - 11).
24
What is the value of -12 + (-5 - (19 + (-9 - -2)))?
-29
Calculate -43 + 3 + 19 + 28.
7
What is the value of -21 + 10 + -9 - 3 - -8?
-15
What is (-25 - -9) + -7 + -6 + 6?
-23
What is 9 + (4 - 4) + -3 - (-2 - 5)?
13
Evaluate -3 - (-11 - (-8 - -14 - 3)).
11
Calculate 9 + 13 - (57 - 21).
-14
Evaluate 1 - 30 - 0 - (-16 - (11 + -18)).
-20
Evaluate 11 + (-43 + 40 - (26 + -5)).
-13
Calculate -42 - (-4 + (-9 - 5) - (31 - 41)).
-34
Evaluate (-1 - -5) + (-38 + 54 - -10).
30
What is (4 - 8) + 5 + (-1 - 5) + -11?
-16
What is the value of -43 + (-8 - -40 - 18)?
-29
What is 7 + 1 + (-11 - (10 + -18))?
5
Calculate 22 + -19 - (9 + -25 + -1).
20
7 + (29 + (19 - 20) - 4)
31
Evaluate 559 + -551 - (21 + -1).
-12
What is -2 - -4 - (23 + -17) - (-17 + -1)?
14
What is (0 - 10) + -9 + (37 - 31)?
-13
What is the value of -7 - (0 - 21) - 42?
-2